s of 6564336207.
3, 11, 13, 15301483
What are the prime factors of 90653524?
2, 13, 1163, 1499
What are the prime factors of 223291098?
2, 3, 761, 16301
What are the prime factors of 983527945?
5, 17, 103, 112339
What are the prime factors of 921602121?
3, 11, 27927337
List the prime factors of 211893685.
5, 139, 304883
What are the prime factors of 276362847?
3, 19, 179573
What are the prime factors of 367834791?
3, 23, 523, 10193
What are the prime factors of 2320923903?
3, 31, 24956171
List the prime factors of 2796283797.
3, 932094599
List the prime factors of 2049176438.
2, 43, 149, 3719
What are the prime factors of 1065629047?
7, 152232721
What are the prime factors of 376761467?
499, 755033
List the prime factors of 53144035.
5, 7, 613, 2477
What are the prime factors of 70979331?
3, 67, 181, 1951
What are the prime factors of 78315609?
3, 53, 492551
List the prime factors of 621629496.
2, 3, 83, 104021
List the prime factors of 32859127.
7, 4694161
List the prime factors of 247767027.
3, 17, 4858177
What are the prime factors of 83717009?
431, 194239
List the prime factors of 59584244.
2, 14896061
What are the prime factors of 963127119?
3, 19, 16896967
What are the prime factors of 2264343212?
2, 563, 1005481
What are the prime factors of 651338039?
11, 269, 20011
What are the prime factors of 133187710?
2, 5, 23, 227, 2551
What are the prime factors of 1587852033?
3, 529284011
List the prime factors of 146829173.
283, 518831
List the prime factors of 72297731.
11, 83, 79187
What are the prime factors of 3210051411?
3, 7, 73, 232663
List the prime factors of 538411984.
2, 11, 173, 17683
List the prime factors of 17917286.
2, 17, 53, 61, 163
What are the prime factors of 280021704?
2, 3, 2689, 4339
What are the prime factors of 94568834?
2, 47284417
List the prime factors of 1335682269.
3, 148409141
List the prime factors of 3258012413.
17, 191647789
List the prime factors of 697599712.
2, 67, 331, 983
What are the prime factors of 129050442?
2, 3, 53, 67, 673
What are the prime factors of 19589765?
5, 13, 301381
List the prime factors of 1655084781.
3, 7, 29, 503, 1801
What are the prime factors of 60838001?
7, 137, 63439
What are the prime factors of 31503195?
3, 5, 233357
What are the prime factors of 1062333971?
61, 17415311
What are the prime factors of 41774122?
2, 13, 19, 103, 821
List the prime factors of 92907275.
5, 3716291
List the prime factors of 39981646.
2, 4099, 4877
List the prime factors of 216361327.
7, 13, 61, 38977
List the prime factors of 89917063.
17, 19, 47, 5923
What are the prime factors of 10296096?
2, 3, 107251
List the prime factors of 117460406.
2, 7, 8390029
List the prime factors of 73352151.
3, 683, 11933
List the prime factors of 39867544.
2, 4983443
List the prime factors of 38535040.
2, 5, 19, 3169
What are the prime factors of 105301355?
5, 2113, 9967
List the prime factors of 578615138.
2, 43, 6728083
What are the prime factors of 6574806578?
2, 601, 5469889
What are the prime factors of 91124241?
3, 13, 2336519
What are the prime factors of 296454952?
2, 37, 283, 3539
List the prime factors of 1162496350.
2, 5, 23249927
List the prime factors of 593306140.
2, 5, 7, 157, 26993
What are the prime factors of 70777876?
2, 13, 104701
What are the prime factors of 126947043?
3, 14105227
What are the prime factors of 467488720?
2, 5, 5843609
List the prime factors of 26430258.
2, 3, 4405043
List the prime factors of 83109943.
7, 127, 93487
List the prime factors of 990595246.
2, 2357, 210139
List the prime factors of 18618923.
18618923
What are the prime factors of 24840319?
7, 1289, 2753
List the prime factors of 2070367863.
3, 690122621
What are the prime factors of 129942925?
5, 7, 742531
What are the prime factors of 456003916?
2, 211, 409, 1321
What are the prime factors of 38060591?
19, 31, 179
List the prime factors of 2493048856.
2, 3251, 95857
List the prime factors of 390025101.
3, 17, 683, 11197
What are the prime factors of 5107000704?
2, 3, 13, 1023037
What are the prime factors of 505025169?
3, 11, 29, 73, 7229
List the prime factors of 137653821.
3, 15294869
What are the prime factors of 187191538?
2, 93595769
What are the prime factors of 629100968?
2, 23, 3419027
List the prime factors of 264268850.
2, 5, 23, 229799
List the prime factors of 132574890.
2, 3, 5, 7, 90187
List the prime factors of 107095409.
107095409
List the prime factors of 1545768573.
3, 37, 1481, 9403
What are the prime factors of 2983304382?
2, 3, 173, 2874089
What are the prime factors of 3133661715?
3, 5, 523, 44383
What are the prime factors of 53583485?
5, 10716697
List the prime factors of 33019228.
2, 11, 750437
What are the prime factors of 110485114?
2, 19, 577, 5039
What are the prime factors of 67144878?
2, 3, 3730271
What are the prime factors of 124174498?
2, 7, 8869607
What are the prime factors of 732661607?
10979, 66733
List the prime factors of 62334196.
2, 37, 421177
List the prime factors of 243834996.
2, 3, 20319583
What are the prime factors of 44978083?
44978083
List the prime factors of 96991100.
2, 5, 969911
List the prime factors of 798209069.
7, 131, 124351
List the prime factors of 101980996.
2, 13, 1961173
What are the prime factors of 2595981859?
2595981859
List the prime factors of 1314967636.
2, 328741909
What are the prime factors of 82814092?
2, 2143, 9661
What are the prime factors of 71155685?
5, 14231137
List the prime factors of 42148712.
2, 17, 79, 3923
List the prime factors of 181328612.
2, 229, 197957
List the prime factors of 1309642005.
3, 5, 7, 17, 173, 4241
What are the prime factors of 41483171?
41483171
List the prime factors of 7259476103.
11, 239, 2761307
What are the prime factors of 1042951972?
2, 17, 31, 494759
List the prime factors of 1284393217.
19, 67599643
List the prime factors of 423410510.
2, 5, 601, 70451
What are the prime factors of 746612848?
2, 46663303
What are the prime factors of 65265826?
2, 4243, 7691
What are the prime factors of 46256549?
37, 1250177
List the prime factors of 138569103.
3, 5132189
What are the prime factors of 209336175?
3, 5, 79, 11777
What are the prime factors of 823818273?
3, 31, 53, 397, 421
List the prime factors of 340139786.
2, 7, 19, 1278721
What are the prime factors of 30772129?
30772129
What are the prime factors of 13787939?
11, 19, 37, 1783
What are the prime factors of 257379928?
2, 13, 19, 130253
What are the prime factors of 1050780427?
19, 37, 1494709
List the prime factors of 49676651.
49676651
What are the prime factors of 142382329?
6719, 21191
List the prime factors of 753426710.
2, 5, 1061, 71011
What are the prime factors of 226116930?
2, 3, 5, 13, 103, 433
List the prime factors of 3822823823.
7, 13, 61, 547, 1259
List the prime factors of 4518625399.
53, 97, 878939
What are the prime factors of 75769211?
7, 10824173
List the prime factors of 3816330649.
5147, 741467
List the prime factors of 536309243.
389, 569, 2423
List the prime factors of 29690208.
2, 3, 103091
What are the prime factors of 115988340?
2, 3, 5, 13, 37, 4019
List the prime factors of 674864935.
5, 134972987
What are the prime factors of 833290881?
3, 31, 8960117
What are the prime factors of 508750552?
2, 131, 587, 827
What are the prime factors of 55994731?
13, 4307287
List the prime factors of 2446286.
2, 269, 4547
What are the prime factors of 843887165?
5, 11, 15343403
What are the prime factors of 894091567?
894091567
List the prime factors of 199573297.
7, 11, 107, 24223
What are the prime factors of 347818300?
2, 5, 17, 204599
What are the prime factors of 52617600?
2, 3, 5, 7, 29
What are the prime factors of 73145037?
3, 7, 23, 199, 761
What are the prime factors of 5795353375?
5, 7, 6623261
What are the prime factors of 393452527?
13, 31, 976309
List the prime factors of 764369198.
2, 17, 499, 45053
What are the prime factors of 21974642?
2, 17, 71, 9103
List the prime factors of 26177963.
7, 163, 22943
List the prime factors of 83537325.
3, 5, 13751
List the prime factors of 803744596.
2, 67, 2999047
List the prime factors of 505293118.
2, 11, 23, 31, 32213
List the prime factors of 60560251.
61, 257, 3863
List the prime factors of 180718884.
2, 3, 293, 5711
What are the prime factors of 2190226?
2, 251, 4363
What are 